 what is -290a7 + 1?
-290a6
In base 14, what is -9 + 3811?
3806
In base 15, what is -18 + -2476?
-248e
In base 11, what is 2986 + -3?
2983
In base 14, what is -b5 + -38c?
-463
In base 15, what is 8404 + -b?
83e8
In base 5, what is 10 - -2323233?
2323243
In base 4, what is 2302 + -210232?
-201330
In base 3, what is -2 + -211002012022?
-211002012101
In base 5, what is 210241012 - 4?
210241003
In base 16, what is 21ce + -7?
21c7
In base 8, what is -272405 + -5?
-272412
In base 2, what is -110101 + -1111001?
-10101110
In base 5, what is -21110 + -2?
-21112
In base 6, what is 1022 - 2200?
-1134
In base 14, what is 50c - -5?
513
In base 14, what is -341d - -ab?
-3352
In base 16, what is -39fa - d?
-3a07
In base 2, what is 1100110111 + -110101100?
110001011
In base 6, what is -3020350 - -2?
-3020344
In base 7, what is -1510 + 324?
-1153
In base 8, what is -11426 + 43?
-11363
In base 6, what is -23 - 5535?
-10002
In base 6, what is 4 + -11540050?
-11540042
In base 12, what is -1 - -28860?
2885b
In base 3, what is -1 - -120201101102?
120201101101
In base 13, what is -5 + -3a539?
-3a541
In base 5, what is -12142400 - -4?
-12142341
In base 14, what is 40bb - -1?
40bc
In base 3, what is -11222011 + 220?
-11221021
In base 11, what is 4 + -4428?
-4424
In base 5, what is 34442 - -12?
40004
In base 9, what is 1277304 - 3?
1277301
In base 7, what is 4 - -15214355?
15214362
In base 12, what is -963 + 161?
-802
In base 14, what is -1257c + 1b?
-12561
In base 4, what is -1202 - 231023?
-232231
In base 14, what is -92c19 + -1?
-92c1a
In base 12, what is 2a04b8 - -1?
2a04b9
In base 7, what is -4616 - -51?
-4535
In base 11, what is -3418 - -12?
-3406
In base 12, what is -71203 - -3?
-71200
In base 11, what is 5 + 6611a5?
6611aa
In base 3, what is -12 + 11022122?
11022110
In base 4, what is 11013 + -2332?
2021
In base 8, what is -12 + -16732?
-16744
In base 9, what is 8041 + -35?
8005
In base 13, what is -3 - -40c65?
40c62
In base 9, what is -888862 + 2?
-888860
In base 12, what is 33958 - -4?
33960
In base 3, what is 220001202222 - 10?
220001202212
In base 14, what is -2 - 4957?
-4959
In base 4, what is 123212 - 13?
123133
In base 5, what is -4 + -3221214?
-3221223
In base 6, what is 5 + 52200535?
52200544
In base 15, what is 4 - 13c476?
-13c472
In base 2, what is 1 + -1010011001011?
-1010011001010
In base 7, what is -5 + 1266432?
1266424
In base 3, what is -11102110 - -10?
-11102100
In base 10, what is 349 + -2021?
-1672
In base 4, what is 1113 - -30322?
32101
In base 11, what is 704 - 40?
674
In base 6, what is -1521 - -2131?
210
In base 11, what is 3 + 399501?
399504
In base 9, what is 214 - -378?
603
In base 6, what is -20150 + 5012?
-11134
In base 8, what is -10236552 + 3?
-10236547
In base 12, what is -10 + a01?
9b1
In base 3, what is 222221111021 + -10?
222221111011
In base 13, what is -2 - 56ab?
-56b0
In base 4, what is -20212103 + -11?
-20212120
In base 13, what is -100 + 19a?
9a
In base 4, what is -2 + 110121123?
110121121
In base 12, what is -401 - -56?
-367
In base 3, what is 10 + -121102101212?
-121102101202
In base 16, what is -768 + -45?
-7ad
In base 7, what is 1261 + -666?
262
In base 4, what is 200 - -30?
230
In base 16, what is -4b + 65f?
614
In base 2, what is -10010010100011001000011 + -100?
-10010010100011001000111
In base 4, what is -12031 + 300301?
222210
In base 6, what is 25104403 - 4?
25104355
In base 10, what is 12824 + 14?
12838
In base 14, what is 4 - 6040?
-603a
In base 16, what is 4 - 18edc?
-18ed8
In base 14, what is -5 + -6303?
-6308
In base 16, what is 71f + -5?
71a
In base 10, what is -53346 - 4?
-53350
In base 16, what is 9b89 - 1?
9b88
In base 10, what is -5833 - -12?
-5821
In base 7, what is 4 + -142316?
-142312
In base 16, what is -2a65 - 5?
-2a6a
In base 6, what is 515134 - 4?
515130
In base 9, what is -217204 + -2?
-217206
In base 11, what is -831 - -746?
-96
In base 9, what is 4542724 + 3?
4542727
In base 15, what is 5 - -20557?
2055c
In base 4, what is 1131331 - 122?
1131203
In base 7, what is -3365666 - -1?
-3365665
In base 10, what is -643 + 187?
-456
In base 6, what is -11341511 - -5?
-11341502
In base 3, what is 1121202100 + -121?
1121201202
In base 3, what is -211102 + -1111?
-212220
In base 14, what is 37 + 2278?
22b1
In base 7, what is -26 + -51256?
-51315
In base 5, what is 3024 + -422?
2102
In base 10, what is -2221437 + -1?
-2221438
In base 8, what is -5611 - 52?
-5663
In base 11, what is -317459 - 0?
-317459
In base 8, what is 217077 - 6?
217071
In base 3, what is 2000 + 100002?
102002
In base 5, what is -10100214000 + 3?
-10100213442
In base 8, what is -24 + 10351?
10325
In base 3, what is 201011210222 - 12?
201011210210
In base 3, what is 1212200 - -2?
1212202
In base 4, what is -1 + -13302323?
-13302330
In base 10, what is 27 - 15980?
-15953
In base 5, what is 22121 + -332?
21234
In base 16, what is 288 + -2289?
-2001
In base 6, what is 4432355 - -1?
4432400
In base 8, what is 1 + 347634?
347635
In base 4, what is 0 - -10010?
10010
In base 3, what is 1211120 - 12000?
1122120
In base 15, what is -6b11 + 2e?
-6ad2
In base 10, what is -8020 - -120?
-7900
In base 3, what is 12100210 + -11210?
12012000
In base 6, what is 102005113 - 3?
102005110
In base 12, what is -b3994 - 3?
-b3997
In base 10, what is -39849 - -1?
-39848
In base 10, what is 5 - -255999?
256004
In base 14, what is 48944 - -4?
48948
In base 10, what is 1741 + -1858?
-117
In base 16, what is d1ff - 5?
d1fa
In base 2, what is 10000101011001001111 - -10?
10000101011001010001
In base 14, what is 12833 - 2?
12831
In base 7, what is 3 + -64244?
-64241
In base 5, what is 23 + 12304332?
12304410
In base 2, what is 1 + 10001110010101000100?
10001110010101000101
In base 7, what is -215052 + 4?
-215045
In base 12, what is 2 + 707b37?
707b39
In base 16, what is -3 + -42475?
-42478
In base 8, what is 116117 - 5?
116112
In base 16, what is 6 + -4a42?
-4a3c
In base 14, what is 151d + 1?
1520
In base 2, what is -10010110110 + 1100011?
-10001010011
In base 2, what is 1010001 + 110001010011000?
110001011101001
In base 9, what is -5 - -33836?
33831
In base 11, what is -4553 + 6?
-4548
In base 7, what is -2 + -25236?
-25241
In base 9, what is -2545 - 3?
-2548
In base 2, what is -1100000100101000000 + 11?
-1100000100100111101
In base 13, what is -2 + 637a?
6378
In base 4, what is -2132 + -2311000?
-2313132
In base 11, what is 6 + 511a?
5125
In base 14, what is 0 - 98986?
-98986
In base 13, what is 1 - -29acc?
29b00
In base 15, what is 18 - 9dd?
-9c5
In base 14, what is b180 - -5?
b185
In base 15, what is 19c13 - 1?
19c12
In base 8, what is 130 - 472?
-342
In base 15, what is 34c - -5d?
3aa
In base 7, what is 2544 + -132?
2412
In base 10, what is -27 - 2779?
-2806
In base 10, what is -16315 - 3?
-16318
In base 13, what is 921796 - 3?
921793
In base 5, what is 443420 - -2?
443422
In base 16, what is -1d463 - -5?
-1d45e
In base 15, what is 9a1 - e?
992
In base 6, what is -2210500 - 5?
-2210505
In base 16, what is -ded + -58?
-e45
In base 9, what is 8736 + -5?
8731
In base 13, what is -1 + -1c0a?
-1c0b
In base 10, what is 743 - 42?
701
In base 13, what is -2 + -875b?
-8760
In base 9, what is 13 - -28738?
28752
In base 6, what is -3104043 + 2?
-3104041
In base 2, what is 101 + 101000110111?
101000111100
In base 14, what is 0 - 1d2c?
-1d2c
In base 9, what is -184411 + 1?
-184410
In base 13, what is -18 - -1ca03?
1c9b8
In base 3, what is 122 - 2?
120
In base 7, what is -2021 + -131?
-2152
In base 15, what is -e81 + 7?
-e79
In base 15, what is -3468d1 + 5?
-3468cb
In base 2, what is -101000111011011001 + -111?
-101000111011100000
In base 11, what is 60242 - -5?
60247
In base 12, what is 273a + -1?
2739
In base 5, what is -111430 - -24?
-111401
In base 6, what is -4 - 100511140?
-100511144
In base 12, what is 6 - 8225?
-821b
In base 15, what is -d + 2865?
2857
In base 4, what is -22 + -31211213?
-31211301
In base 9, what is -87 - -3056?
2858
In base 6, what is -104 - 14501?
-15005
In base 3, what is 22021021121221 + -12?
22021021121202
In base 12, what is 2 - 22b29?
-22b27
In base 7, what is -1 - 3426650?
-3426651
In base 3, what is -1012 - 1012110212?
-1012112001
In base 9, what is -2154 - 20?
-2174
In base 14, what is -30 - -dd?
ad
In base 2, what is -1101001011000000 + 